{"id":15789,"date":"2021-11-15T19:21:53","date_gmt":"2021-11-15T18:21:53","guid":{"rendered":"https:\/\/stlouisdemontfort-lachevroliere.fr\/?page_id=15789"},"modified":"2024-11-08T14:18:19","modified_gmt":"2024-11-08T13:18:19","slug":"gs-cp","status":"publish","type":"page","link":"https:\/\/stlouisdemontfort-lachevroliere.fr\/?page_id=15789","title":{"rendered":"CP"},"content":{"rendered":"<p>Le s\u00e9jour des CP est g\u00e9n\u00e9ralement de 3 ou 4 jours. Le lieu n&rsquo;est pas toujours le m\u00eame d&rsquo;une fois sur l&rsquo;autre ce qui permet de varier les th\u00e8mes p\u00e9dagogiques abord\u00e9s dans l&rsquo;ann\u00e9e. L&rsquo;histoire, les animaux, la nature&#8230; tant de richesses \u00e0 partager tout en favorisant la prise d&rsquo;autonomie et de vie en groupe loin du cocon familial.<\/p>\n<p>Une exp\u00e9rience riche en \u00e9motions, en partage et en savoirs. Vos enfants reviennent fatigu\u00e9s s\u00fbrement, mais avec des \u00e9toiles plein les yeux !<\/p>\n<p>Cette ann\u00e9e, les CP se rendront du 10 au 13 juin \u00e0 Longeville sur mer en Vend\u00e9e pour leur classe de mer.<\/p>\n<p><a href=\"https:\/\/stlouisdemontfort-lachevroliere.fr\/wp-content\/uploads\/2021\/11\/IMG_20190423_145217.jpg\"><img loading=\"lazy\" decoding=\"async\" class=\"alignright wp-image-15827 size-medium\" src=\"https:\/\/stlouisdemontfort-lachevroliere.fr\/wp-content\/uploads\/2021\/11\/IMG_20190423_145217-300x209.jpg\" alt=\"\" width=\"300\" height=\"209\" srcset=\"https:\/\/stlouisdemontfort-lachevroliere.fr\/wp-content\/uploads\/2021\/11\/IMG_20190423_145217-300x209.jpg 300w, https:\/\/stlouisdemontfort-lachevroliere.fr\/wp-content\/uploads\/2021\/11\/IMG_20190423_145217-1024x713.jpg 1024w, https:\/\/stlouisdemontfort-lachevroliere.fr\/wp-content\/uploads\/2021\/11\/IMG_20190423_145217-768x535.jpg 768w, https:\/\/stlouisdemontfort-lachevroliere.fr\/wp-content\/uploads\/2021\/11\/IMG_20190423_145217-1536x1070.jpg 1536w, https:\/\/stlouisdemontfort-lachevroliere.fr\/wp-content\/uploads\/2021\/11\/IMG_20190423_145217.jpg 1920w\" sizes=\"(max-width: 300px) 100vw, 300px\" \/><\/a> <a href=\"https:\/\/stlouisdemontfort-lachevroliere.fr\/wp-content\/uploads\/2021\/11\/DSC_0354.jpg\"><img loading=\"lazy\" decoding=\"async\" class=\"alignright wp-image-15829 size-medium\" src=\"https:\/\/stlouisdemontfort-lachevroliere.fr\/wp-content\/uploads\/2021\/11\/DSC_0354-300x201.jpg\" alt=\"\" width=\"300\" height=\"201\" srcset=\"https:\/\/stlouisdemontfort-lachevroliere.fr\/wp-content\/uploads\/2021\/11\/DSC_0354-300x201.jpg 300w, https:\/\/stlouisdemontfort-lachevroliere.fr\/wp-content\/uploads\/2021\/11\/DSC_0354-1024x685.jpg 1024w, https:\/\/stlouisdemontfort-lachevroliere.fr\/wp-content\/uploads\/2021\/11\/DSC_0354-768x514.jpg 768w, https:\/\/stlouisdemontfort-lachevroliere.fr\/wp-content\/uploads\/2021\/11\/DSC_0354-1536x1028.jpg 1536w, https:\/\/stlouisdemontfort-lachevroliere.fr\/wp-content\/uploads\/2021\/11\/DSC_0354-272x182.jpg 272w, https:\/\/stlouisdemontfort-lachevroliere.fr\/wp-content\/uploads\/2021\/11\/DSC_0354.jpg 1920w\" sizes=\"(max-width: 300px) 100vw, 300px\" \/><\/a><\/p>\n<p><a href=\"https:\/\/stlouisdemontfort-lachevroliere.fr\/wp-content\/uploads\/2021\/11\/IMG_20190424_155810.jpg\"><img loading=\"lazy\" decoding=\"async\" class=\"wp-image-15828 size-medium\" src=\"https:\/\/stlouisdemontfort-lachevroliere.fr\/wp-content\/uploads\/2021\/11\/IMG_20190424_155810-300x224.jpg\" alt=\"\" width=\"300\" height=\"224\" srcset=\"https:\/\/stlouisdemontfort-lachevroliere.fr\/wp-content\/uploads\/2021\/11\/IMG_20190424_155810-300x224.jpg 300w, https:\/\/stlouisdemontfort-lachevroliere.fr\/wp-content\/uploads\/2021\/11\/IMG_20190424_155810-1024x766.jpg 1024w, https:\/\/stlouisdemontfort-lachevroliere.fr\/wp-content\/uploads\/2021\/11\/IMG_20190424_155810-768x574.jpg 768w, https:\/\/stlouisdemontfort-lachevroliere.fr\/wp-content\/uploads\/2021\/11\/IMG_20190424_155810-1536x1149.jpg 1536w, https:\/\/stlouisdemontfort-lachevroliere.fr\/wp-content\/uploads\/2021\/11\/IMG_20190424_155810.jpg 1920w\" sizes=\"(max-width: 300px) 100vw, 300px\" \/><\/a><\/p>\n","protected":false},"excerpt":{"rendered":"<p>Le s\u00e9jour des CP est g\u00e9n\u00e9ralement de 3 ou 4 jours. Le lieu n&rsquo;est pas toujours le m\u00eame d&rsquo;une fois sur l&rsquo;autre ce qui permet de varier les th\u00e8mes p\u00e9dagogiques abord\u00e9s dans l&rsquo;ann\u00e9e. L&rsquo;histoire, les animaux, la nature&#8230; tant de richesses \u00e0 partager tout en favorisant la prise d&rsquo;autonomie et de vie en groupe loin<\/p>\n<p><a href=\"https:\/\/stlouisdemontfort-lachevroliere.fr\/?page_id=15789\" class=\"more-link themebutton\">Lire la suite<\/a><\/p>\n","protected":false},"author":4,"featured_media":0,"parent":0,"menu_order":0,"comment_status":"closed","ping_status":"closed","template":"","meta":{"ngg_post_thumbnail":0,"footnotes":""},"_links":{"self":[{"href":"https:\/\/stlouisdemontfort-lachevroliere.fr\/index.php?rest_route=\/wp\/v2\/pages\/15789"}],"collection":[{"href":"https:\/\/stlouisdemontfort-lachevroliere.fr\/index.php?rest_route=\/wp\/v2\/pages"}],"about":[{"href":"https:\/\/stlouisdemontfort-lachevroliere.fr\/index.php?rest_route=\/wp\/v2\/types\/page"}],"author":[{"embeddable":true,"href":"https:\/\/stlouisdemontfort-lachevroliere.fr\/index.php?rest_route=\/wp\/v2\/users\/4"}],"replies":[{"embeddable":true,"href":"https:\/\/stlouisdemontfort-lachevroliere.fr\/index.php?rest_route=%2Fwp%2Fv2%2Fcomments&post=15789"}],"version-history":[{"count":5,"href":"https:\/\/stlouisdemontfort-lachevroliere.fr\/index.php?rest_route=\/wp\/v2\/pages\/15789\/revisions"}],"predecessor-version":[{"id":16773,"href":"https:\/\/stlouisdemontfort-lachevroliere.fr\/index.php?rest_route=\/wp\/v2\/pages\/15789\/revisions\/16773"}],"wp:attachment":[{"href":"https:\/\/stlouisdemontfort-lachevroliere.fr\/index.php?rest_route=%2Fwp%2Fv2%2Fmedia&parent=15789"}],"curies":[{"name":"wp","href":"https:\/\/api.w.org\/{rel}","templated":true}]}}

<p>Le séjour des CP est généralement de 3 ou 4 jours. Le lieu n&rsquo;est pas toujours le même d&rsquo;une fois sur l&rsquo;autre ce qui permet de varier les thèmes pédagogiques abordés dans l&rsquo;année. L&rsquo;histoire, les animaux, la nature&#8230; tant de richesses à partager tout en favorisant la prise d&rsquo;autonomie et de vie en groupe loin du cocon familial.</p>
<p>Une expérience riche en émotions, en partage et en savoirs. Vos enfants reviennent fatigués sûrement, mais avec des étoiles plein les yeux !</p>
<p>Cette année, les CP se rendront du 10 au 13 juin à Longeville sur mer en Vendée pour leur classe de mer.</p>
<p><a href="https://stlouisdemontfort-lachevroliere.fr/wp-content/uploads/2021/11/IMG_20190423_145217.jpg"><img loading="lazy" decoding="async" class="alignright wp-image-15827 size-medium" src="https://stlouisdemontfort-lachevroliere.fr/wp-content/uploads/2021/11/IMG_20190423_145217-300x209.jpg" alt="" width="300" height="209" srcset="https://stlouisdemontfort-lachevroliere.fr/wp-content/uploads/2021/11/IMG_20190423_145217-300x209.jpg 300w, https://stlouisdemontfort-lachevroliere.fr/wp-content/uploads/2021/11/IMG_20190423_145217-1024x713.jpg 1024w, https://stlouisdemontfort-lachevroliere.fr/wp-content/uploads/2021/11/IMG_20190423_145217-768x535.jpg 768w, https://stlouisdemontfort-lachevroliere.fr/wp-content/uploads/2021/11/IMG_20190423_145217-1536x1070.jpg 1536w, https://stlouisdemontfort-lachevroliere.fr/wp-content/uploads/2021/11/IMG_20190423_145217.jpg 1920w" sizes="(max-width: 300px) 100vw, 300px" /></a> <a href="https://stlouisdemontfort-lachevroliere.fr/wp-content/uploads/2021/11/DSC_0354.jpg"><img loading="lazy" decoding="async" class="alignright wp-image-15829 size-medium" src="https://stlouisdemontfort-lachevroliere.fr/wp-content/uploads/2021/11/DSC_0354-300x201.jpg" alt="" width="300" height="201" srcset="https://stlouisdemontfort-lachevroliere.fr/wp-content/uploads/2021/11/DSC_0354-300x201.jpg 300w, https://stlouisdemontfort-lachevroliere.fr/wp-content/uploads/2021/11/DSC_0354-1024x685.jpg 1024w, https://stlouisdemontfort-lachevroliere.fr/wp-content/uploads/2021/11/DSC_0354-768x514.jpg 768w, https://stlouisdemontfort-lachevroliere.fr/wp-content/uploads/2021/11/DSC_0354-1536x1028.jpg 1536w, https://stlouisdemontfort-lachevroliere.fr/wp-content/uploads/2021/11/DSC_0354-272x182.jpg 272w, https://stlouisdemontfort-lachevroliere.fr/wp-content/uploads/2021/11/DSC_0354.jpg 1920w" sizes="(max-width: 300px) 100vw, 300px" /></a></p>
<p><a href="https://stlouisdemontfort-lachevroliere.fr/wp-content/uploads/2021/11/IMG_20190424_155810.jpg"><img loading="lazy" decoding="async" class="wp-image-15828 size-medium" src="https://stlouisdemontfort-lachevroliere.fr/wp-content/uploads/2021/11/IMG_20190424_155810-300x224.jpg" alt="" width="300" height="224" srcset="https://stlouisdemontfort-lachevroliere.fr/wp-content/uploads/2021/11/IMG_20190424_155810-300x224.jpg 300w, https://stlouisdemontfort-lachevroliere.fr/wp-content/uploads/2021/11/IMG_20190424_155810-1024x766.jpg 1024w, https://stlouisdemontfort-lachevroliere.fr/wp-content/uploads/2021/11/IMG_20190424_155810-768x574.jpg 768w, https://stlouisdemontfort-lachevroliere.fr/wp-content/uploads/2021/11/IMG_20190424_155810-1536x1149.jpg 1536w, https://stlouisdemontfort-lachevroliere.fr/wp-content/uploads/2021/11/IMG_20190424_155810.jpg 1920w" sizes="(max-width: 300px) 100vw, 300px" /></a></p>

<p>Le séjour des CP est généralement de 3 ou 4 jours. Le lieu n&rsquo;est pas toujours le même d&rsquo;une fois sur l&rsquo;autre ce qui permet de varier les thèmes pédagogiques abordés dans l&rsquo;année. L&rsquo;histoire, les animaux, la nature&#8230; tant de richesses à partager tout en favorisant la prise d&rsquo;autonomie et de vie en groupe loin</p>
<p><a href="https://stlouisdemontfort-lachevroliere.fr/?page_id=15789" class="more-link themebutton">Lire la suite</a></p>
