{"id":15792,"date":"2021-11-15T19:31:15","date_gmt":"2021-11-15T18:31:15","guid":{"rendered":"https:\/\/stlouisdemontfort-lachevroliere.fr\/?page_id=15792"},"modified":"2021-11-15T19:31:15","modified_gmt":"2021-11-15T18:31:15","slug":"cm1-cm2","status":"publish","type":"page","link":"https:\/\/stlouisdemontfort-lachevroliere.fr\/?page_id=15792","title":{"rendered":"CM1-CM2"},"content":{"rendered":"<p>Pour les plus grands, depuis plusieurs ann\u00e9es d\u00e9j\u00e0, c&rsquo;est la classe de mer qui est au programme. Le centre de la rose des vents \u00e0 Piriac les accueille toute une semaine. P\u00eache \u00e0 pieds, voile, marais salants&#8230; l\u00e0 aussi, les activit\u00e9s sont tr\u00e8s vari\u00e9es et les enfants n&rsquo;ont pas beaucoup de temps pour s&rsquo;ennuyer.<\/p>\n","protected":false},"excerpt":{"rendered":"<p>Pour les plus grands, depuis plusieurs ann\u00e9es d\u00e9j\u00e0, c&rsquo;est la classe de mer qui est au programme. Le centre de la rose des vents \u00e0 Piriac les accueille toute une semaine. P\u00eache \u00e0 pieds, voile, marais salants&#8230; l\u00e0 aussi, les activit\u00e9s sont tr\u00e8s vari\u00e9es et les enfants n&rsquo;ont pas beaucoup de temps pour s&rsquo;ennuyer.<\/p>\n","protected":false},"author":4,"featured_media":0,"parent":0,"menu_order":0,"comment_status":"closed","ping_status":"closed","template":"","meta":{"ngg_post_thumbnail":0,"footnotes":""},"_links":{"self":[{"href":"https:\/\/stlouisdemontfort-lachevroliere.fr\/index.php?rest_route=\/wp\/v2\/pages\/15792"}],"collection":[{"href":"https:\/\/stlouisdemontfort-lachevroliere.fr\/index.php?rest_route=\/wp\/v2\/pages"}],"about":[{"href":"https:\/\/stlouisdemontfort-lachevroliere.fr\/index.php?rest_route=\/wp\/v2\/types\/page"}],"author":[{"embeddable":true,"href":"https:\/\/stlouisdemontfort-lachevroliere.fr\/index.php?rest_route=\/wp\/v2\/users\/4"}],"replies":[{"embeddable":true,"href":"https:\/\/stlouisdemontfort-lachevroliere.fr\/index.php?rest_route=%2Fwp%2Fv2%2Fcomments&post=15792"}],"version-history":[{"count":1,"href":"https:\/\/stlouisdemontfort-lachevroliere.fr\/index.php?rest_route=\/wp\/v2\/pages\/15792\/revisions"}],"predecessor-version":[{"id":15794,"href":"https:\/\/stlouisdemontfort-lachevroliere.fr\/index.php?rest_route=\/wp\/v2\/pages\/15792\/revisions\/15794"}],"wp:attachment":[{"href":"https:\/\/stlouisdemontfort-lachevroliere.fr\/index.php?rest_route=%2Fwp%2Fv2%2Fmedia&parent=15792"}],"curies":[{"name":"wp","href":"https:\/\/api.w.org\/{rel}","templated":true}]}}