{"id":219,"date":"2016-01-20T10:10:14","date_gmt":"2016-01-20T09:10:14","guid":{"rendered":"https:\/\/stlouisdemontfort-lachevroliere.fr\/?page_id=219"},"modified":"2016-10-01T06:34:19","modified_gmt":"2016-10-01T05:34:19","slug":"restauration","status":"publish","type":"page","link":"https:\/\/stlouisdemontfort-lachevroliere.fr\/?page_id=219","title":{"rendered":"Restauration"},"content":{"rendered":"<p style=\"text-align: center;\"><strong>La restauration du midi est assur\u00e9e par les services municipaux.<\/strong><\/p>\n<p style=\"text-align: center;\">Les repas sont pr\u00e9par\u00e9s sur place et propos\u00e9s sous forme de self \u00e0 partir du CP.<\/p>\n<p style=\"text-align: center;\">L&rsquo;acc\u00e8s de l&rsquo;\u00e9cole au restaurant scolaire se fait par une liaison douce et s\u00e9curis\u00e9e.<\/p>\n<p style=\"text-align: center;\">Consultation du menu sur le site internet de la mairie de la Chevroli\u00e8re : <a href=\"http:\/\/www.mairie-lachevroliere.com\/mon-quotidien\/vie-scolaire\/restaurant-scolaire-le-grand-chene\/\" target=\"_blank\">Cliquer ici<\/a><\/p>\n","protected":false},"excerpt":{"rendered":"<p>La restauration du midi est assur\u00e9e par les services municipaux. Les repas sont pr\u00e9par\u00e9s sur place et propos\u00e9s sous forme de self \u00e0 partir du CP. L&rsquo;acc\u00e8s de l&rsquo;\u00e9cole au restaurant scolaire se fait par une liaison douce et s\u00e9curis\u00e9e. Consultation du menu sur le site internet de la mairie de la Chevroli\u00e8re : Cliquer<\/p>\n<p><a href=\"https:\/\/stlouisdemontfort-lachevroliere.fr\/?page_id=219\" class=\"more-link themebutton\">Lire la suite<\/a><\/p>\n","protected":false},"author":2,"featured_media":0,"parent":0,"menu_order":0,"comment_status":"closed","ping_status":"closed","template":"","meta":{"ngg_post_thumbnail":0,"footnotes":""},"_links":{"self":[{"href":"https:\/\/stlouisdemontfort-lachevroliere.fr\/index.php?rest_route=\/wp\/v2\/pages\/219"}],"collection":[{"href":"https:\/\/stlouisdemontfort-lachevroliere.fr\/index.php?rest_route=\/wp\/v2\/pages"}],"about":[{"href":"https:\/\/stlouisdemontfort-lachevroliere.fr\/index.php?rest_route=\/wp\/v2\/types\/page"}],"author":[{"embeddable":true,"href":"https:\/\/stlouisdemontfort-lachevroliere.fr\/index.php?rest_route=\/wp\/v2\/users\/2"}],"replies":[{"embeddable":true,"href":"https:\/\/stlouisdemontfort-lachevroliere.fr\/index.php?rest_route=%2Fwp%2Fv2%2Fcomments&post=219"}],"version-history":[{"count":0,"href":"https:\/\/stlouisdemontfort-lachevroliere.fr\/index.php?rest_route=\/wp\/v2\/pages\/219\/revisions"}],"wp:attachment":[{"href":"https:\/\/stlouisdemontfort-lachevroliere.fr\/index.php?rest_route=%2Fwp%2Fv2%2Fmedia&parent=219"}],"curies":[{"name":"wp","href":"https:\/\/api.w.org\/{rel}","templated":true}]}}