{"id":75,"date":"2015-12-07T20:22:59","date_gmt":"2015-12-07T19:22:59","guid":{"rendered":"https:\/\/stlouisdemontfort-lachevroliere.fr\/?page_id=75"},"modified":"2025-08-09T09:55:37","modified_gmt":"2025-08-09T08:55:37","slug":"lequipe-pedagogique-20152016","status":"publish","type":"page","link":"https:\/\/stlouisdemontfort-lachevroliere.fr\/?page_id=75","title":{"rendered":"L&rsquo;\u00e9quipe p\u00e9dagogique"},"content":{"rendered":"<p><span style=\"color: #ff00ff;\"><strong>MATERNELLE<\/strong><\/span><\/p>\n<p><strong>PS <\/strong>: Mme H\u00e9l\u00e8ne GOUBIN &amp; Mme Sol\u00e8ne BARON accompagn\u00e9es de Mme La\u00ebtitia FREULON <strong>ASEM<\/strong><\/p>\n<p><strong>PS\/MS<\/strong>&nbsp; : Mme Pauline COQUATRIX accompagn\u00e9e de Mme M\u00e9lanie TESSIER <strong>ASEM&nbsp;<\/strong> &nbsp; &nbsp; &nbsp; &nbsp; &nbsp; &nbsp; &nbsp; &nbsp; &nbsp; &nbsp; &nbsp; &nbsp; &nbsp; &nbsp; &nbsp; &nbsp; &nbsp; &nbsp; &nbsp; &nbsp; &nbsp; &nbsp; &nbsp; &nbsp; &nbsp;<\/p>\n<p><strong>PS\/MS &nbsp;<\/strong>: Mme Isabelle CORMIER accompagn\u00e9e de Mme Cindy LANDREAU <strong>ASEM&nbsp;<\/strong><\/p>\n<p><strong>MS\/GS<\/strong> : Mme Aur\u00e9lie FABULET&nbsp; accompagn\u00e9e de Mme Adeline DENIAUD <strong>ASEM&nbsp;<\/strong><\/p>\n<p><strong>MS\/GS<\/strong> : Mme Sandrine GROSSEAU accompagn\u00e9e de Mme Corinne RUBIO <strong>ASEM&nbsp;<\/strong><\/p>\n<p><strong>GS&nbsp; &nbsp; &nbsp; &nbsp; &nbsp;<\/strong>: Mme Marie BAUD accompagn\u00e9e de Mme M\u00e9lanie MANDIN <strong>ASEM&nbsp;<\/strong><\/p>\n<p><strong>APPRENTIE<\/strong> : Mme Louna JUBIN<\/p>\n<p>&nbsp; &nbsp; &nbsp; &nbsp; &nbsp; &nbsp; &nbsp; &nbsp; &nbsp; &nbsp; &nbsp; &nbsp; &nbsp; &nbsp; &nbsp; &nbsp; &nbsp; &nbsp; &nbsp; &nbsp; &nbsp; &nbsp; &nbsp; &nbsp; &nbsp; &nbsp; &nbsp; &nbsp; &nbsp; &nbsp; &nbsp; &nbsp; &nbsp; &nbsp; &nbsp; &nbsp; &nbsp; &nbsp; &nbsp; &nbsp; &nbsp; &nbsp; &nbsp; &nbsp; &nbsp; &nbsp; &nbsp;<\/p>\n<p><span style=\"color: #ff00ff;\"><strong>ELEMENTAIRE<\/strong><\/span><\/p>\n<p><strong>CPA&nbsp; &nbsp; &nbsp; &nbsp; <\/strong>: Mme Florence SOUCHET&nbsp; &nbsp; &nbsp; &nbsp;<\/p>\n<p><strong>CPB<\/strong>&nbsp; &nbsp; &nbsp; &nbsp; &nbsp;: Mme Christelle GUYOT&nbsp;&nbsp;<\/p>\n<p><strong>CP\/CE1 <\/strong>&nbsp;: Mme Delphine BACHELET&nbsp;&nbsp;&nbsp;&nbsp;&nbsp;&nbsp;&nbsp;&nbsp;&nbsp;&nbsp;&nbsp;&nbsp;&nbsp;&nbsp;&nbsp;&nbsp;&nbsp;&nbsp;&nbsp;&nbsp;&nbsp;&nbsp;&nbsp;&nbsp;&nbsp;&nbsp;&nbsp;&nbsp;&nbsp;&nbsp;&nbsp;&nbsp;&nbsp;&nbsp;&nbsp;&nbsp;&nbsp;&nbsp;&nbsp;&nbsp;&nbsp;&nbsp;&nbsp;&nbsp;&nbsp;&nbsp;&nbsp;&nbsp;&nbsp;&nbsp;<\/p>\n<p><strong>CE1A&nbsp; &nbsp; &nbsp; <\/strong>: Mme Marianne GABOREAU&nbsp;<\/p>\n<p><strong>CE2A&nbsp; &nbsp; &nbsp; <\/strong>: Mme Anne-Laure MERIADEC<\/p>\n<p><strong>CE2B<\/strong>&nbsp; &nbsp; &nbsp; : Mme Elisabeth JARNY<\/p>\n<p><strong>CM1A<\/strong>&nbsp; &nbsp; &nbsp; : M Yann LEROUX<\/p>\n<p><strong>CM1B&nbsp; &nbsp; &nbsp;<\/strong> : Mme Lili RICHARD<\/p>\n<p><strong>CM2A<\/strong>&nbsp; &nbsp; &nbsp; : Mme Apolline De LAVENNE &amp; Mme Flora GUILLET<\/p>\n<p><strong>CM2B&nbsp; &nbsp; &nbsp; <\/strong>: M. Samuel JOUSSET<\/p>\n<p><strong>DISPOSITIF ULIS&nbsp; <\/strong>: Mme Val\u00e9rie BRETECHER &nbsp;&nbsp;&nbsp;&nbsp;&nbsp;&nbsp;&nbsp;&nbsp;&nbsp;&nbsp;&nbsp;&nbsp; &nbsp;&nbsp; <strong><span style=\"color: #ff00ff;\">AESHco<\/span>&nbsp;<\/strong>: Mme Charline LUZET<\/p>\n<p><strong>RESEAU D\u2019AIDES&nbsp; <\/strong>: Mme Magali MERLET<\/p>\n<p><span style=\"color: #ff00ff;\"><strong>AESH<\/strong>&nbsp; &nbsp; &nbsp;<\/span> &nbsp; &nbsp; &nbsp; &nbsp; &nbsp; &nbsp; &nbsp; &nbsp; &nbsp; &nbsp; &nbsp; : Mme Isabelle GUILLET, Mme Ga\u00eblle BOTHOREL&nbsp;<\/p>\n<p><strong><span style=\"color: #ff00ff;\">SECRETARIAT <\/span>&nbsp; &nbsp; &nbsp; &nbsp;<\/strong>: Mme Nadine BETHUS<\/p>\n<p><strong><span style=\"color: #ff00ff;\">COMPTABILITE<\/span><\/strong>&nbsp; &nbsp; &nbsp; : Mme Nathalie YVERNOGEAU&nbsp;<\/p>\n<p><strong><span style=\"color: #ff00ff;\">PERSONNELS DE SURVEILLANCE ET D\u2019ENTRETIEN<\/span>&nbsp;<\/strong>: Mme Babette LAVANDIER, Mme V\u00e9ronique GLOUX et&nbsp; Mme C\u00e9line HESLOT<\/p>\n<p><span style=\"color: #ff00ff;\"><strong>AGENT<\/strong> <strong>D\u2019ENTRETIEN<\/strong> <\/span>: M Yann VITAL<\/p>\n<p><strong><span style=\"color: #ff00ff;\">DIRECTION <\/span><\/strong>: Mme Annie CLEMENT<\/p>\n<p>&nbsp;<\/p>\n<p>&nbsp;<\/p>\n<p>&nbsp;<\/p>\n<p>&nbsp;<\/p>\n","protected":false},"excerpt":{"rendered":"<p>MATERNELLE PS : Mme H\u00e9l\u00e8ne GOUBIN &amp; Mme Sol\u00e8ne BARON accompagn\u00e9es de Mme La\u00ebtitia FREULON ASEM PS\/MS&nbsp; : Mme Pauline COQUATRIX accompagn\u00e9e de Mme M\u00e9lanie TESSIER ASEM&nbsp; &nbsp; &nbsp; &nbsp; &nbsp; &nbsp; &nbsp; &nbsp; &nbsp; &nbsp; &nbsp; &nbsp; &nbsp; &nbsp; &nbsp; &nbsp; &nbsp; &nbsp; &nbsp; &nbsp; &nbsp; &nbsp; &nbsp; &nbsp; &nbsp; &nbsp; PS\/MS &nbsp;: Mme<\/p>\n<p><a href=\"https:\/\/stlouisdemontfort-lachevroliere.fr\/?page_id=75\" class=\"more-link themebutton\">Lire la suite<\/a><\/p>\n","protected":false},"author":1,"featured_media":0,"parent":0,"menu_order":0,"comment_status":"closed","ping_status":"closed","template":"","meta":{"ngg_post_thumbnail":0,"footnotes":""},"_links":{"self":[{"href":"https:\/\/stlouisdemontfort-lachevroliere.fr\/index.php?rest_route=\/wp\/v2\/pages\/75"}],"collection":[{"href":"https:\/\/stlouisdemontfort-lachevroliere.fr\/index.php?rest_route=\/wp\/v2\/pages"}],"about":[{"href":"https:\/\/stlouisdemontfort-lachevroliere.fr\/index.php?rest_route=\/wp\/v2\/types\/page"}],"author":[{"embeddable":true,"href":"https:\/\/stlouisdemontfort-lachevroliere.fr\/index.php?rest_route=\/wp\/v2\/users\/1"}],"replies":[{"embeddable":true,"href":"https:\/\/stlouisdemontfort-lachevroliere.fr\/index.php?rest_route=%2Fwp%2Fv2%2Fcomments&post=75"}],"version-history":[{"count":16,"href":"https:\/\/stlouisdemontfort-lachevroliere.fr\/index.php?rest_route=\/wp\/v2\/pages\/75\/revisions"}],"predecessor-version":[{"id":16798,"href":"https:\/\/stlouisdemontfort-lachevroliere.fr\/index.php?rest_route=\/wp\/v2\/pages\/75\/revisions\/16798"}],"wp:attachment":[{"href":"https:\/\/stlouisdemontfort-lachevroliere.fr\/index.php?rest_route=%2Fwp%2Fv2%2Fmedia&parent=75"}],"curies":[{"name":"wp","href":"https:\/\/api.w.org\/{rel}","templated":true}]}}